).
-4
Let w(o) = 14*o - 98. Determine w(-7).
-196
Let u(j) = -2*j**3 + 18*j**2 - 415*j + 4348. What is u(10)?
-2
Let y(g) = 48*g + 411. Calculate y(-6).
123
Let s(f) = f**3 + 24*f**2 + 35*f + 1487. Give s(-25).
-13
Let x(y) = y**3 + 23*y**2 + 128*y - 30. Give x(-10).
-10
Let n(k) = -27*k + 1596. Determine n(59).
3
Let f(y) = y**3 - y**2 + 57*y - 186. Give f(3).
3
Let d(n) = -12*n + 416. Give d(37).
-28
Let j(c) = 28*c + 1706. Give j(-56).
138
Let a(w) = 9*w + 274. Give a(0).
274
Let i(s) = -676*s + 23711. Give i(35).
51
Let m(h) = 3*h**3 - 2*h**2 - 87*h + 247. Calculate m(3).
49
Let t(w) = -3*w**2 - 37*w. Determine t(-15).
-120
Let l(k) = -58*k - 126. Give l(-2).
-10
Let x(l) = -12*l + 528. Determine x(54).
-120
Let j(p) = p**3 - 7*p**2 + 17*p - 22. Give j(2).
-8
Let x(c) = 2*c**2 + 98*c - 526. Determine x(-54).
14
Let h(x) = -x + 61. Calculate h(50).
11
Let q(n) = -16*n - 564. What is q(-32)?
-52
Let g(o) = 2*o**2 - 28*o - 28. Give g(16).
36
Let r(k) = -k**2 + 474*k - 33978. Give r(88).
-10
Let q(t) = 77*t + 12. What is q(2)?
166
Let a(d) = 140*d - 1973. Determine a(14).
-13
Let a(j) = j - 172. Give a(17).
-155
Let z(v) = 4*v**2 - 60*v + 2. Give z(16).
66
Let u(t) = t**3 + 25*t**2 + 25*t + 7. Calculate u(-24).
-17
Let o(a) = -6*a**3 + 220*a**2 + 546*a - 1. Calculate o(39).
-1
Let a(d) = -d**3 + 5*d**2 + 119*d + 95. Determine a(14).
-3
Let g(x) = -11*x**2 + 361*x + 2218. Determine g(-6).
-344
Let g(i) = -27*i - 4249. What is g(-157)?
-10
Let i(l) = l**3 + 58*l**2 - 2523*l + 4. Determine i(-87).
4
Let a(c) = -c**3 + 40*c**2 - 398*c + 48. What is a(22)?
4
Let j(p) = -14*p**2 + 4*p + 2. Calculate j(4).
-206
Let n(t) = t**2 - 1546*t - 9309. Give n(-6).
3
Let z(d) = -40*d + 306. Give z(3).
186
Let s(j) = -j**3 - 56*j**2 + 53*j - 224. Determine s(-57).
4
Let c(r) = -11*r + 188. What is c(71)?
-593
Let a(b) = b**3 + 18*b**2 - 27*b - 39. Determine a(-20).
-299
Let d(a) = -a**3 - 228*a**2 + 345*a + 26566. What is d(-229)?
2
Let w(r) = -r**3 - 40*r**2 - 146*r + 46. Calculate w(-36).
118
Let c(x) = -28*x**2 + 53*x + 327. What is c(-6)?
-999
Let x(a) = a**2 - 44*a + 303. What is x(36)?
15
Let l(v) = 9*v**2 - 11*v + 75. Give l(6).
333
Let a(s) = s**3 + 37*s**2 + 83*s + 1698. Give a(-36).
6
Let y(w) = -1759*w + 21106. Give y(12).
-2
Let v(a) = -24*a - 158. What is v(0)?
-158
Let s(p) = 136*p - 1500. What is s(10)?
-140
Let g(w) = -16*w**3 + 3*w**2 - 5*w + 9. Determine g(2).
-117
Let f(x) = -2*x**3 + 359*x**2 + 204*x - 4312. What is f(180)?
8
Let p(i) = -19*i**2 + 11*i - 18. Calculate p(3).
-156
Let s(x) = 2*x**3 + 22*x**2 - 17*x + 14. Determine s(-10).
384
Let j(q) = 2*q**3 + 164*q**2 + 3*q + 242. What is j(-82)?
-4
Let v(p) = -2*p**2 - 36*p + 37. What is v(-19)?
-1
Let p(c) = -774*c + 5432. Calculate p(7).
14
Let q(w) = w**3 - 11*w**2 + 23*w - 21. Calculate q(7).
-56
Let l(c) = -9*c**2 + 51*c + 236. What is l(-7)?
-562
Let d(m) = -m**3 + 7*m**2 + 2*m + 12. Give d(7).
26
Let j(s) = 12*s**3 - 37*s - 38. Determine j(-1).
-13
Let v(i) = 432*i**2 + 446*i. Calculate v(-1).
-14
Let q(s) = -s**2 - 52*s - 64. Calculate q(-2).
36
Let g(b) = -b**3 - 19*b**2 - 70*b - 11. Determine g(-3).
55
Let n(m) = -m**2 + 8*m + 1429. Calculate n(43).
-76
Let l(n) = 2948*n + 11772. Determine l(-4).
-20
Let f(p) = p**2 + 26*p - 7. Give f(-29).
80
Let y(o) = 8*o**3 + 2*o**2 - 10*o - 16. Give y(3).
188
Let j(y) = 78*y + 808. Determine j(-10).
28
Let o(v) = -5*v - 488. Calculate o(-55).
-213
Let h(r) = 13*r**2 + 20*r - 262. Determine h(4).
26
Let t(q) = 55*q**3 - 2*q**2 - 22*q - 2. Determine t(0).
-2
Let v(j) = j**3 + 26*j**2 + 116*j - 22. Determine v(-6).
2
Let t(p) = p**3 + 9*p**2 - 84*p - 605. What is t(-7)?
81
Let d(t) = 2*t**3 + 17*t**2 - 47*t - 60. Determine d(-10).
110
Let y(b) = 16*b**2 + 160*b + 162. Calculate y(-1).
18
Let u(c) = -419*c**2 - 5871*c - 48. Determine u(-14).
22
Let k(v) = -7*v + 164. Give k(11).
87
Let k(i) = -i**2 - 3*i + 1029. Give k(30).
39
Let k(c) = -4*c**3 - 4*c**2 + 5*c - 5. What is k(2)?
-43
Let j(b) = -63*b + 2090. Calculate j(35).
-115
Let t(x) = -8*x**2 - 88*x - 29. Calculate t(-12).
-125
Let v(m) = 43*m + 3. Determine v(0).
3
Let u(j) = -j**3 + 11*j**2 - 30*j + 19. What is u(4)?
11
Let b(p) = 92*p + 2104. Give b(-23).
-12
Let t(q) = -7*q**3 - 370*q**2 + 48*q - 344. Give t(-53).
-79
Let q(n) = -n**3 + 33*n**2 + 27*n + 18. Give q(34).
-220
Let k(g) = -g**2 - 149*g + 1090. Give k(7).
-2
Let w(c) = c**3 - 7*c**2 + 43*c - 42. Calculate w(5).
123
Let a(j) = -j**2 - 54*j - 302. Give a(-7).
27
Let g(d) = 2*d**3 + 68*d**2 + 232*d - 5. Give g(-4).
27
Let v(r) = 5*r**3 - 105*r**2 + 9*r - 185. Give v(21).
4
Let v(d) = -27*d**2 + 19*d - 11. Determine v(1).
-19
Let a(w) = -18*w + 1048. Determine a(58).
4
Let o(c) = 30*c - 462. What is o(15)?
-12
Let v(z) = 26*z**2 - 574*z + 44. Calculate v(22).
0
Let p(i) = -7*i**2 - 41*i + 116. Calculate p(-8).
-4
Let i(o) = 9*o - 188. What is i(-25)?
-413
Let d(u) = 41*u + 61. Determine d(-2).
-21
Let x(r) = 56*r - 44. What is x(-9)?
-548
Let j(g) = -2*g**2 - 309*g - 6973. Determine j(-127).
12
Let l(d) = -545*d + 93734. Give l(172).
-6
Let f(z) = -230*z - 2235. Calculate f(-10).
65
Let j(c) = -142*c - 2327. Determine j(-16).
-55
Let w(u) = 2*u**3 - 10*u**2 - 11*u + 39. Give w(7).
158
Let q(c) = -925*c + 2782. What is q(3)?
7
Let b(p) = 1762*p - 1761. Determine b(1).
1
Let a(k) = k**3 - 34*k**2 + 141*k + 88. Give a(29).
-28
Let u(y) = y**3 + 46*y**2 + 131*y + 4. Calculate u(-3).
-2
Let o(k) = 265*k + 10867. Give o(-41).
2
Let o(l) = 9*l**2 - 211*l - 129. Calculate o(24).
-9
Let v(w) = w**2 - 8*w + 112. Calculate v(15).
217
Let o(y) = 7*y**2 - 43*y + 5. Calculate o(6).
-1
Let z(t) = -264*t - 6604. Determine z(-25).
-4
Let t(r) = 31*r**2 - 31*r - 36. What is t(3)?
150
Let k(h) = 11*h**2 - 524*h - 187. Give k(48).
5
Let h(p) = 1963*p + 1986. Determine h(-1).
23
Let j(t) = -18*t**2 + 597*t - 597. Give j(1).
-18
Let d(v) = -3*v**3 - 3*v**2 + 15*v + 12. Give d(-5).
237
Let m(x) = -3*x**2 + 127*x + 1328. Calculate m(51).
2
Let h(a) = 95*a**2 - 450*a - 125. Determine h(5).
0
Let g(h) = -h**3 + 33*h**2 - 271*h + 10. Calculate g(15).
-5
Let k(z) = z**3 - 443*z**2 - 1219*z - 53076. What is k(446)?
-2
Let g(y) = 11*y**2 - 255*y - 211. What is g(24)?
5
Let b(p) = 2*p**2 + 28*p - 51. Give b(-12).
-99
Let j(a) = -a**3 + 10*a**2 + 19*a + 34. What is j(12)?
-26
Let x(z) = 236*z - 3390. Give x(13).
-322
Let s(p) = p**3 + 14*p**2 + 98*p + 387. Determine s(-8).
-13
Let u(y) = y**3 - 5*y**2 - 68*y + 350. What is u(5)?
10
Let v(c) = -25*c**2 + 67*c + 27. Give v(3).
3
Let o(h) = -52*h**2 - 107*h - 15. Give o(-2).
-9
Let m(r) = 23*r + 216. What is m(-10)?
-14
Let b(t) = -7*t**2 - 255*t + 1802. What is b(6)?
20
Let q(l) = 3*l**3 - 104*l**2 - 33*l + 24. Give q(35).
94
Let v(z) = 133*z**2 - 141*z + 2. Determine v(1).
-6
Let o(m) = -15*m**2 + 56*m + 13. Determine o(4).
-3
Let u(g) = 5*g**2 + 53*g - 106. Give u(-12).
-22
Let q(x) = x**3 - 150*x**2 + 582*x + 269. What is q(146)?
-23
Let l(i) = 3*i + 29. Calculate l(-13).
-10
Let t(j) = j**2 - 2*j + 41. Determine t(0).
41
Let m(d) = 7*d**2 + 384*d + 1521. Determine m(-4).
97
Let u(h) = 26*h - 210. What is u(11)?
76
Let z(q) = -19*q**2 - 549*q + 5. Determine z(-29).
-53
Let f(y) = y**2 - 71*y + 1141. Give f(47).
13
Let u(x) = 7*x + 3. Give u(-5).
-32
Let c(s) = s**3 + 12*s**2 + 12*s + 10. Give c(-11).
-1
Let b(h) = -h**3 + 159*h**2 - 137*h - 3323. Calculate b(158).
-5
Let q(r) = 2*r**3 + 10*r**2 + 10*r + 1. Determine q(-6).
-131
Let u(b) = -39*b**2 + 191*b + 16. Give u(5).
-4
Let l(n) = -254*n + 2375. Calculate l(13).
-927
Let u(w) = w**3 + 5*w**2 + 2*w + 410. Calculate u(0).
410
Let x(g) = -g**3 + 16*g**2 - 13*g + 36. Give x(10).
506
Let z(u) = -u**2 - 2*u + 7. What is z(-4)?
-1
Let t(x) = -x**3 + 20*x**2 + 746*x + 49. Give t(-19).
-46
Let g(y) = -y**3 + 46*y**2 + 50*y - 206. Calculate g(47).
-65
Let a(k) = k**3 - 36*k**2 - 126*k + 324. Give a(39).
-27
Let p(q) = -19*q + 570. Calculate p(31).
-19
Let k(m) = -m**2 - 784*m + 5547. Calculate k(7).
10
Let w(d) = d + 133. Calculate w(-139).
-6
Let c(g) = -g**2 - 39*g + 408. Give c(9).
-24
Let l(w) = 705*w + 14797. Calculate l(-21).
-8
Let u(j) = -5*j**3 - 2*j**2 - 25*j + 37. Calculate u(4).
-415
Let f(u) = 82*u**2 - 52*u - 1. What is f(2)?
223
Let p(r) = -2*r